{"id":10,"date":"2016-03-19T12:02:48","date_gmt":"2016-03-19T11:02:48","guid":{"rendered":"http:\/\/festiwal.kresowakraina.pl\/?page_id=10"},"modified":"2024-07-18T07:49:06","modified_gmt":"2024-07-18T05:49:06","slug":"informacje-dla-wystawcow","status":"publish","type":"page","link":"https:\/\/archiwum.festiwalkresow.pl\/index.php\/informacje-dla-wystawcow\/","title":{"rendered":"Dla wystawc\u00f3w"},"content":{"rendered":"\n<figure class=\"wp-block-image size-large\"><a href=\"https:\/\/archiwum.festiwalkresow.pl\/wp-content\/uploads\/2021\/07\/DSC_9584.jpg\"><img loading=\"lazy\" decoding=\"async\" width=\"1024\" height=\"683\" src=\"https:\/\/archiwum.festiwalkresow.pl\/wp-content\/uploads\/2021\/07\/DSC_9584-1024x683.jpg\" alt=\"\" class=\"wp-image-5932\" srcset=\"https:\/\/archiwum.festiwalkresow.pl\/wp-content\/uploads\/2021\/07\/DSC_9584-1024x683.jpg 1024w, https:\/\/archiwum.festiwalkresow.pl\/wp-content\/uploads\/2021\/07\/DSC_9584-300x200.jpg 300w, https:\/\/archiwum.festiwalkresow.pl\/wp-content\/uploads\/2021\/07\/DSC_9584-768x512.jpg 768w, https:\/\/archiwum.festiwalkresow.pl\/wp-content\/uploads\/2021\/07\/DSC_9584.jpg 1200w\" sizes=\"auto, (max-width: 1024px) 100vw, 1024px\" \/><\/a><\/figure>\n\n\n\n<p>Organizatorem WIELKIEGO FINA\u0141U Festiwalu Dziedzictwa Kres\u00f3w w dniu 4 sierpnia na b\u0142oniach Kresowej Osady w Baszni Dolnej jest Gmina Lubacz\u00f3w. W imieniu Organizatora placem festiwalowym zarz\u0105dza Gminny O\u015brodek Kultury w Lubaczowie na podstawie Porozumienia z Gmin\u0105 Lubacz\u00f3w i w oparciu o poni\u017cszy Regulamin.<\/p>\n\n\n\n<p>Ka\u017cdy wystawca mo\u017ce zaj\u0105\u0107 wyznaczone przez Organizatora miejsce tylko po dostarczeniu osobistym lub za po\u015brednictwem poczty\/ kuriera lub na email: <strong>gok.lubaczow@gmail.com<\/strong> wype\u0142nionej i podpisanej Karty Zg\u0142oszenia wystawcy. Termin zg\u0142aszania wystawc\u00f3w up\u0142ywa <strong>26.07.2024<\/strong> r.<\/p>\n\n\n\n<p>Poni\u017cej prezentujemy karty zg\u0142osze\u0144 i regulamin organizacji stoisk na placu festiwalowym.<\/p>\n\n\n\n<p><a href=\"https:\/\/archiwum.festiwalkresow.pl\/wp-content\/uploads\/2024\/07\/regulamin-wystawcow-FDK-2024.pdf\" title=\"\">Regulamin organizacji stoisk<\/a>.<\/p>\n\n\n\n<p>Karta zg\u0142oszenia &#8211; <a href=\"https:\/\/archiwum.festiwalkresow.pl\/wp-content\/uploads\/2024\/07\/karta-zgloszeniowa-wystawcy-final-FDK-2024.doc\" title=\"\">DOC<\/a> lub <a href=\"https:\/\/archiwum.festiwalkresow.pl\/wp-content\/uploads\/2024\/07\/karta-zgloszeniowa-wystawcy-final-FDK-2024.pdf\" title=\"\">PDF<\/a>.<\/p>\n","protected":false},"excerpt":{"rendered":"<p>Festiwal Dziedzictwa Kres\u00f3w doskona\u0142\u0105 imprez\u0105 dla r\u0119kodzielnik\u00f3w, rzemie\u015blnik\u00f3w i producent\u00f3w lokalnych wyrob\u00f3w. Fina\u0142 Festiwalu odwiedza ka\u017cdego roku tysi\u0105ce go\u015bci.<\/p>\n","protected":false},"author":1,"featured_media":156,"parent":0,"menu_order":0,"comment_status":"closed","ping_status":"closed","template":"","meta":{"om_disable_all_campaigns":false,"_monsterinsights_skip_tracking":false,"_monsterinsights_sitenote_active":false,"_monsterinsights_sitenote_note":"","_monsterinsights_sitenote_category":0,"footnotes":""},"class_list":["post-10","page","type-page","status-publish","has-post-thumbnail","hentry"],"aioseo_notices":[],"_links":{"self":[{"href":"https:\/\/archiwum.festiwalkresow.pl\/index.php\/wp-json\/wp\/v2\/pages\/10","targetHints":{"allow":["GET"]}}],"collection":[{"href":"https:\/\/archiwum.festiwalkresow.pl\/index.php\/wp-json\/wp\/v2\/pages"}],"about":[{"href":"https:\/\/archiwum.festiwalkresow.pl\/index.php\/wp-json\/wp\/v2\/types\/page"}],"author":[{"embeddable":true,"href":"https:\/\/archiwum.festiwalkresow.pl\/index.php\/wp-json\/wp\/v2\/users\/1"}],"replies":[{"embeddable":true,"href":"https:\/\/archiwum.festiwalkresow.pl\/index.php\/wp-json\/wp\/v2\/comments?post=10"}],"version-history":[{"count":24,"href":"https:\/\/archiwum.festiwalkresow.pl\/index.php\/wp-json\/wp\/v2\/pages\/10\/revisions"}],"predecessor-version":[{"id":13077,"href":"https:\/\/archiwum.festiwalkresow.pl\/index.php\/wp-json\/wp\/v2\/pages\/10\/revisions\/13077"}],"wp:featuredmedia":[{"embeddable":true,"href":"https:\/\/archiwum.festiwalkresow.pl\/index.php\/wp-json\/wp\/v2\/media\/156"}],"wp:attachment":[{"href":"https:\/\/archiwum.festiwalkresow.pl\/index.php\/wp-json\/wp\/v2\/media?parent=10"}],"curies":[{"name":"wp","href":"https:\/\/api.w.org\/{rel}","templated":true}]}}